34180. Give n(-29).
1062
Let g(b) = b**3 - 139*b**2 - 1779*b + 141. Give g(151).
5124
Let g(t) = 2*t**2 + 97619*t + 195225. What is g(-2)?
-5
Let l(d) = 2*d**3 - 258*d**2 - 255*d - 666. What is l(130)?
-16
Let s(o) = -o**2 + 35519*o - 851871. Determine s(24).
9
Let u(t) = t**3 + 30*t**2 + 184*t + 432. Determine u(-23).
-97
Let z(l) = -55*l + 7919. Determine z(130).
769
Let r(u) = -291*u**3 - 7*u**2 + 3*u + 2. What is r(1)?
-293
Let m(w) = w**3 + 141*w**2 - 92*w + 6832. Calculate m(-142).
-268
Let o(h) = -15*h**3 - 3*h**2 - 21*h + 4. Determine o(5).
-2051
Let j(y) = -8*y**2 + 568*y - 157. Determine j(72).
-733
Let x(t) = 5090*t + 656608. Calculate x(-129).
-2
Let a(q) = -q**2 - 87*q + 2364. Calculate a(-127).
-2716
Let w(a) = -840*a + 84626. Determine w(101).
-214
Let d(s) = 17678*s - 53173. What is d(3)?
-139
Let q(a) = 6*a**2 + 236*a + 1789. Give q(-32).
381
Let a(z) = z**3 - 26*z**2 + 180*z + 446. What is a(25)?
4321
Let y(t) = -9366*t + 2004331. Calculate y(214).
7
Let d(v) = 2*v**3 - 52*v**2 - 2388*v - 5. Calculate d(-24).
-293
Let x(t) = -1526*t - 2053. Determine x(-1).
-527
Let i(s) = -242*s - 40. Give i(0).
-40
Let b(o) = -14*o**2 - 3344*o - 19232. Calculate b(-233).
-126
Let y(i) = -i**2 - 79*i - 480. What is y(-72)?
24
Let u(q) = 5*q**2 + 663*q + 19269. Give u(-43).
5
Let z(x) = 7*x**2 + 768*x - 3097. Calculate z(4).
87
Let g(i) = -3*i**2 + 1916*i - 81783. What is g(46)?
5
Let a(t) = -251*t**2 + 594*t + 4. What is a(2)?
188
Let h(d) = d**2 - 14*d - 440. Give h(31).
87
Let b(r) = -135*r + 5987. What is b(45)?
-88
Let a(k) = -2038*k + 4074. Calculate a(2).
-2
Let g(t) = 311*t**2 - 11853*t + 1325. What is g(38)?
-5
Let h(z) = -5*z**2 + 727*z + 2783. Calculate h(149).
101
Let y(k) = 138*k - 183. Give y(-2).
-459
Let o(i) = -12*i**2 + 294*i - 1475. Determine o(18).
-71
Let d(w) = -1920225*w - 3. Give d(0).
-3
Let k(f) = -19497*f + 467756. Give k(24).
-172
Let c(h) = -h**2 - 609*h + 14462. Calculate c(23).
-74
Let b(k) = 3*k**2 + 1563*k - 11284. Determine b(7).
-196
Let y(a) = -6*a**3 + 217*a**2 - 599*a + 29009. Give y(37).
1
Let c(w) = -2*w**3 - 21*w**2 - 156*w - 2319. Determine c(-13).
554
Let m(d) = -2*d**3 - 18*d**2 + 255*d - 3. Give m(8).
-139
Let u(t) = -4*t**3 + 2*t**2 - 56*t - 139. What is u(-2)?
13
Let h(j) = -158*j**2 - 2480*j + 397. Determine h(-16).
-371
Let i(w) = 814*w - 4640. Calculate i(6).
244
Let s(k) = -4*k**3 + 2*k**2 + 483*k - 1370. Calculate s(3).
-11
Let r(b) = b**3 + 18*b**2 - 123*b + 133. What is r(6)?
259
Let h(s) = 4*s**2 + 270*s - 1398. What is h(-72)?
-102
Let i(b) = 92*b - 15636. Determine i(173).
280
Let s(u) = -u**3 - 309*u**2 + 378*u + 20904. Determine s(-310).
-176
Let f(b) = b**3 + 50*b**2 - 270*b + 3269. Calculate f(-56).
-427
Let o(k) = -447*k**2 + 298*k + 299. Calculate o(-1).
-446
Let r(w) = -231*w - 11829. Calculate r(-46).
-1203
Let p(z) = 94458*z + 2078078. Determine p(-22).
2
Let a(s) = 73920*s - 1404464. Give a(19).
16
Let d(m) = 233*m**2 + 2125*m + 304. Give d(-9).
52
Let l(x) = 1414*x - 183820. Determine l(130).
0
Let p(h) = -4*h**3 + 56*h**2 + 274*h - 2339. Give p(16).
-3
Let k(u) = -6192*u - 247684. Give k(-40).
-4
Let q(m) = 4*m**2 - 1784*m - 15999. Determine q(-9).
381
Let z(s) = 11*s**3 - 670*s**2 - 62*s - 323. Give z(61).
-384
Let k(i) = -i**2 - 605*i - 8371. Determine k(-14).
-97
Let f(l) = 14*l**2 - 160*l - 1477. Give f(-10).
1523
Let r(z) = 43827*z - 262710. What is r(6)?
252
Let j(g) = 66403*g + 730431. What is j(-11)?
-2
Let o(m) = 63619*m - 636270. Give o(10).
-80
Let f(x) = -x**3 - 50*x**2 - 347*x - 460. Give f(-41).
-1362
Let r(d) = d**3 - 15*d**2 - 141*d + 1428. Calculate r(13).
-743
Let c(h) = 2*h**3 + 141*h**2 - 2919*h - 202214. Determine c(-71).
-6
Let s(x) = -x**2 - 47*x - 176. What is s(17)?
-1264
Let t(y) = 3298*y - 1424707. Give t(432).
29
Let a(w) = -w**3 + 554*w**2 - 2702*w - 23603. Determine a(549).
4
Let a(l) = 59*l**2 - 6775*l - 40. Calculate a(115).
1110
Let c(l) = -38654*l + 3169634. Determine c(82).
6
Let r(k) = 156*k**2 - 21*k - 43. Give r(-2).
623
Let n(d) = -35*d**2 + 1100*d + 1964. Calculate n(33).
149
Let d(t) = 55*t**2 + 13791*t - 3515. Calculate d(-251).
-1
Let u(g) = -g**2 + 52*g + 715. What is u(32)?
1355
Let n(r) = -25*r**3 + 39*r**2 - 5*r - 20. Determine n(6).
-4046
Let r(x) = 772*x + 13604. Determine r(-18).
-292
Let f(m) = m**3 - 163*m**2 + 367*m - 7650. What is f(161)?
-405
Let h(q) = -2151*q**3 + 2*q**2 + 38*q + 37. Determine h(-1).
2152
Let u(t) = -t**3 + 246*t**2 + 6482*t - 510. Calculate u(270).
30
Let z(d) = -d**2 + 121*d + 28573. What is z(240)?
13
Let k(r) = -39*r**2 + 63*r - 323. What is k(8)?
-2315
Let m(b) = b**3 - 431*b**2 - 52426*b - 23324. Give m(530).
-4
Let j(k) = k**3 - 35*k**2 - 412*k - 2151. Determine j(45).
-441
Let w(v) = 3*v**2 + 303*v - 20867. Determine w(47).
1
Let t(w) = 3329*w - 49877. Give t(15).
58
Let j(k) = 7572*k + 30366. What is j(-4)?
78
Let s(o) = -o**2 + 84*o - 1143. Calculate s(69).
-108
Let n(f) = -f**2 + 1041*f - 19386. Determine n(19).
32
Let d(b) = -8*b**2 - 108*b + 2913. What is d(-27)?
-3
Let c(j) = j**3 - 160*j**2 + 325*j - 1707. What is c(158)?
-285
Let x(r) = 19*r**2 + 3829*r + 46095. What is x(-12)?
2883
Let x(i) = -2*i**3 + 263*i**2 + 793*i - 52401. What is x(133)?
1
Let o(p) = -122*p - 1293. Calculate o(-11).
49
Let d(j) = -72174*j + 10032184. What is d(139)?
-2
Let p(u) = 53902*u - 81. What is p(0)?
-81
Let l(w) = 25189*w - 226695. What is l(9)?
6
Let z(g) = 12*g**2 + 151*g + 57. Give z(-12).
-27
Let b(i) = 2*i**2 + 15933*i + 111529. Determine b(-7).
96
Let x(k) = 17127*k + 548063. Determine x(-32).
-1
Let w(f) = -10*f**2 - 209*f - 219. What is w(-1)?
-20
Let v(b) = 98*b + 7135. Determine v(-60).
1255
Let j(u) = -267*u - 5126. Determine j(-18).
-320
Let s(m) = -27083*m - 487501. Calculate s(-18).
-7
Let i(k) = -3*k**3 - 145*k**2 - 2022*k - 94745. What is i(-48)?
7
Let q(x) = x**3 - 59*x**2 + 29*x + 43. Give q(58).
-1639
Let t(q) = q**2 - 6027738*q - 54249718. Determine t(-9).
5
Let y(r) = -r**2 - 326*r - 15524. Give y(-62).
844
Let d(w) = -w**3 + 327*w**2 + 3379*w + 86. Determine d(-10).
-4
Let s(c) = -1176*c + 677370. Determine s(576).
-6
Let s(o) = 1345*o - 448014. Calculate s(333).
-129
Let c(h) = 9*h**3 - 1494*h**2 - 13*h + 2159. What is c(166)?
1
Let o(u) = 6*u**2 + 865*u + 936. Calculate o(-147).
3435
Let m(f) = -5431*f - 1444648. Give m(-266).
-2
Let c(f) = 4*f**2 + 23150*f - 278493. Give c(12).
-117
Let j(o) = 1209*o - 54013. Give j(45).
392
Let m(o) = 7*o**3 + 2*o**2 - 716*o - 4249. Determine m(-6).
-1393
Let v(a) = -a**3 - 1836*a**2 + 24*a + 44061. Calculate v(-1836).
-3
Let g(c) = -4*c**2 + 39314*c - 1175805. What is g(30)?
15
Let s(o) = 21564*o - 215635. Give s(10).
5
Let k(x) = 5*x**2 - 98*x + 206. Give k(16).
-82
Let s(p) = p**2 + 5421*p - 301102. Determine s(55).
78
Let v(t) = 451457*t + 4966038. Determine v(-11).
11
Let n(q) = 1006*q - 4819. Determine n(5).
211
Let n(r) = 219298*r + 438593. Give n(-2).
-3
Let i(t) = -25*t**2 + 278*t - 498. Calculate i(8).
126
Let l(b) = 4*b**3 + 56*b**2 + 447*b + 5145. Determine l(-13).
10
Let b(z) = -11*z**3 - 68*z**2 + 555*z + 3097. Determine b(-5).
-3
Let d(j) = j**2 + 11852*j + 449000. Calculate d(-38).
68
Let m(w) = -3*w**3 - 33*w**2 - 49*w - 177. Calculate m(-9).
-222
Let c(z) = -686152*z + 25387623. Calculate c(37).
-1
Let q(r) = -475*r + 3757. Calculate q(8).
-43
Let b(r) = 1664*r + 13003. What is b(-8)?
-309
Let u(m) = -5763*m - 29446. Calculate u(-5).
-631
Let k(i) = 1861*i + 46807. Calculate k(-25).
282
Let w(d) = 12*d**2 - 179*d - 387. Determine w(-3).
258
Let g(v) = -2*v**3 + 63*v**2 - 438*v + 15046. Give g(32).
6
Let b(d) = -762668*d - 6101368. What is b(-8)?
-24
Let c(g) = -g**3 - 44*g**2 + 2119*g - 27. Calculate c(-73).
-173
Let j(k) = k**3 - 97*k**2 + 196*k + 1462. Give j(95).
2032
Let t(o) = -115451*o - 692677. Determine t(-6).
29
Let c(h) = -958*h - 96749. Give c(-101).
9
Let r(b) = -3783*b + 590119. Give r(156).
-29
Let v(b) = -2*b**3 + 292*b**2 + 1637*b - 238999. What is v(146)?
3
Let u(x) = -x**3 + 6*x**2 - 343*x + 2894. Give u(8).
22
Let j(z) = z**3 - 204*z**2 + 1792*z - 3317. Determine j(195).
3898
Let g(n) = -5661*n + 28364. What is g(5)?
59
Let h(a) = 3*a**2 + 2345*a + 329904. What is h(-184)?
-8
Let h(b) = 5*b**3 + 200*b**2 